10201 + 1?
1001110202
In base 7, what is -2 + 21216?
21214
In base 11, what is -3 + -1a54?
-1a57
In base 16, what is -d - -4e6?
4d9
In base 5, what is -2314 + -1?
-2320
In base 10, what is -2917 + -1?
-2918
In base 12, what is 65 + -278?
-213
In base 8, what is 20117 - 5?
20112
In base 11, what is -a3 + -8?
-100
In base 10, what is 2 - -126?
128
In base 5, what is -33100 - 24?
-33124
In base 8, what is 45 - 32?
13
In base 14, what is -39 - 1d?
-58
In base 14, what is add8 - 1?
add7
In base 11, what is -1 + 265?
264
In base 7, what is -2 + -140?
-142
In base 14, what is -6 - 6a?
-72
In base 5, what is 22 - 143?
-121
In base 2, what is 101000111110 - 0?
101000111110
In base 9, what is 4 + -748?
-744
In base 7, what is -1140 - 24?
-1164
In base 16, what is 7a2 - 2?
7a0
In base 9, what is -180 - 2?
-182
In base 11, what is -180 - 60?
-230
In base 13, what is -5 - -52?
4a
In base 4, what is 201210 - -3?
201213
In base 3, what is 10100 - -2?
10102
In base 3, what is 10 - 212?
-202
In base 6, what is 2 - -3551?
3553
In base 15, what is 33 - 16?
1c
In base 14, what is 105 + -2?
103
In base 16, what is -91 + 0?
-91
In base 8, what is -5 + 0?
-5
In base 4, what is -302 - 20?
-322
In base 3, what is 101111 + 2?
101120
In base 10, what is 4 - 1058?
-1054
In base 2, what is 1011011 + 10?
1011101
In base 15, what is -6c - 25?
-92
In base 9, what is 135 - 0?
135
In base 2, what is 101101111 + -100?
101101011
In base 2, what is 100 + 1011010010101?
1011010011001
In base 7, what is 2060 - -5?
2065
In base 8, what is 520 - 12?
506
In base 10, what is -2 + 151?
149
In base 13, what is 2 - -a8?
aa
In base 6, what is 5 - -1522?
1531
In base 7, what is -3116 - -5?
-3111
In base 11, what is a + -29?
-1a
In base 12, what is 1601 + 3?
1604
In base 8, what is -22 - 0?
-22
In base 13, what is 1b2 + -3?
1ac
In base 15, what is 4 - 31?
-2c
In base 4, what is -11 - 1211?
-1222
In base 15, what is 27 + 162?
189
In base 3, what is -10011020 + -11?
-10011101
In base 8, what is -131 + -16?
-147
In base 5, what is 3 - 4114?
-4111
In base 15, what is 49ab + -2?
49a9
In base 16, what is 36 + -1?
35
In base 16, what is 3 + -fa?
-f7
In base 5, what is 1100 + 4?
1104
In base 16, what is b8 - 26?
92
In base 3, what is 12 - 120022?
-120010
In base 11, what is 1454 + -4?
1450
In base 14, what is 2 - c?
-a
In base 13, what is 182 - 8?
177
In base 11, what is 28 - -7?
34
In base 2, what is -1100 + -100?
-10000
In base 14, what is -425 + -2?
-427
In base 6, what is 5 - 3211?
-3202
In base 7, what is 64 + -2?
62
In base 6, what is -4 + 4?
0
In base 10, what is -11 + 80?
69
In base 5, what is -11 - -143?
132
In base 8, what is 2 + -1452?
-1450
In base 4, what is 3301 - 2?
3233
In base 14, what is 1 - 13?
-12
In base 9, what is -3 + -2854?
-2857
In base 9, what is 111 - 366?
-255
In base 11, what is -2750 + 5?
-2746
In base 12, what is -b8 + -9?
-105
In base 14, what is 6 + 3?
9
In base 4, what is -102010 - 3?
-102013
In base 6, what is 23 - -53?
120
In base 11, what is 1 - -588?
589
In base 4, what is -12011 + -12?
-12023
In base 9, what is 0 - 316?
-316
In base 15, what is -e0 + 95?
-4a
In base 4, what is -3 - 22110?
-22113
In base 9, what is 54 - -32?
86
In base 12, what is 17 + 3?
1a
In base 11, what is -70 + -68?
-128
In base 8, what is 67 + -4?
63
In base 14, what is -5ac - -2?
-5aa
In base 4, what is 23 + 22?
111
In base 12, what is -4 - 4ab?
-4b3
In base 9, what is -1 + -425?
-426
In base 12, what is -690 - 6?
-696
In base 6, what is -2052 + -4?
-2100
In base 7, what is 24 + 2614?
2641
In base 2, what is 100110000111 + -10?
100110000101
In base 9, what is -5 + 604?
588
In base 15, what is -8e + 16?
-78
In base 7, what is -13 + 624?
611
In base 16, what is -9 - 116?
-11f
In base 14, what is 2 + -995?
-993
In base 5, what is 4022 - -10?
4032
In base 5, what is 114 + -204?
-40
In base 13, what is -359 + 4?
-355
In base 3, what is -1 - -2110?
2102
In base 6, what is 52 + -40?
12
In base 7, what is -324 - 200?
-524
In base 4, what is -1 + -2223?
-2230
In base 4, what is -11 - 112?
-123
In base 12, what is -599 - -4?
-595
In base 14, what is -4 + 14?
10
In base 12, what is -545 + -3?
-548
In base 15, what is 3 + 24?
27
In base 14, what is -175 + -17?
-18c
In base 8, what is 70 - -1?
71
In base 3, what is -2 - 122100?
-122102
In base 12, what is -322 - 4?
-326
In base 13, what is 0 + 35a?
35a
In base 15, what is -134 - -6?
-12d
In base 16, what is -d - 4d?
-5a
In base 13, what is c2 + 2?
c4
In base 10, what is 0 + -785?
-785
In base 5, what is -4 - -40?
31
In base 5, what is 1034 - -3?
1042
In base 7, what is 616 - 15?
601
In base 4, what is -2200 + -10?
-2210
In base 3, what is -11 + -221?
-1002
In base 15, what is -7 + -1c?
-24
In base 2, what is 0 - -1101111011010?
1101111011010
In base 9, what is 74 - 4?
70
In base 5, what is -2342 - -4?
-2333
In base 12, what is -6 - 21?
-27
In base 15, what is -4 + -20de?
-20e3
In base 3, what is 12212 - -22?
20011
In base 10, what is -3782 - -4?
-3778
In base 9, what is 47 + -220?
-162
In base 15, what is -13 - -84?
71
In base 12, what is -1 - -23?
22
In base 12, what is -107 + -35?
-140
In base 13, what is 4 + 175b?
1762
In base 3, what is -210 + -100?
-1010
In base 15, what is 3e + -1e?
20
In base 13, what is 1 + -5a?
-59
In base 9, what is 150 + 3?
153
In base 10, what is 2 + -1902?
-1900
In base 16, what is -2 + -144?
-146
In base 6, what is -14 - 22?
-40
In base 5, what is -3 - 1134?
-1142
In base 6, what is 15332 - 10?
15322
In base 5, what is -300 - -4?
-241
In base 12, what is 3 - 55?
-52
In base 16, what is 3 - 6a6?
-6a3
In base 3, what is -2 - -1021202?
1021200
In base 7, what is -35 - 204?
-242
In base 12, what is -29426 - -4?
-29422
In base 7, what is 30 - 42?
-12
In base 16, what is 3f - -75?
b4
In base 15, what is -263 - 4?
-267
In base 10, what is -68 - 77?
-145
In base 7, what is 544 - 1?
543
In base 12, what is -366 - 0?
-366
In base 16, what is -3 - -4b?
48
In base 11, what is -74 - 6?
-7a
In base 6, what is -5 + 21?
12
In base 9, what is -1 + 20?
18
In base 5, what is 0 + -1220?
-1220
In base 9, what is -2381 - 5?
-2386
In base 9, what is 7 - -88?
106
In base 13, what is 2 - -caa?
cac
In base 4, what is -112123 - -10?
-112113
In base 7, what is -1250 + -4?
-1254
In base 10, what is -72 - -9?
-63
In base 15, what is 5 - 8?
-3
In base 15, what is d + -70?
-62
In base 5, what is 13 - -130?
143
In base 3, what is -112010 - 11?
-112021
In base 5, what is -41 + -12244?
-12340
In base 15, what is 2085 - 2?
2083
In base 5, what is 23201 + 4?
23210
In base 5, what is -311 + 413?
102
In base 11, what is 1840 - -3?
1843
In base 3, what is 12 - 22102?
-22020
In base 16, what is -75 + -1?
-76
In base 11, what is -3 - -18?
15
In base 13, what is 1 + 342?
343
In base 6, what is 20 + -2102?
-2042
In base 8, what is -2 - 7426?
-7430
In base 9, what is 1 + 20?
21
In base 14, what is -135 - 3?
-138
In base 13, what is 5 + -11?
-9
In base 7, what is 515 + 2?
520
In base 15, what is 8 + b?
14
In base 8, what is 75 + 1112?
1207
In base 3, what is 2201 + 10?
2211
In base 10, what is 247 + -7?
240
In base 2, what is -10101 - 1000?
-11101
In base 4, what is -112222 - -2?
-112220
In base 5, what is -404 - -11?
-343
In base 3, what is 22110 + 10?
22120
In base 3, what is 12 + -1101202?
-1101120
In base 11, what is -33 - -465?
432
In base 2, what is -10 - -10?
0
In base 3, what is 1200 + 10?
1210
In base 7, what is -101064 - 3?
-101100
In base 2, what is -1001100 + -10001?
-1011101
In base 4, what is 12 + -12?
0
In base 13, what is -15 + 2a?
15
In base 15, what is 5 + -1e?
-19
In base 8, what is 1 + -63?
-62
In base 3, what is 11 + 222?
1010
In base 10, what is 84 + -1?
83
In base 6, what is 2 + -10011?
-10005
In base 8, what is 2 + 416?
420
In base 12, what is 5 - -2a?
33
In base 16, what is c - 22a?
-21e
In base 7, what is 0 + -200?
-200
In base 2, what is 100 - 10100010?
-10011110
In base 8, what is 62 + 34?
116
In base 8, what is -6 + -175?
-203
In base 5, what is -43 - 13?
-111
In base 16, what is b - -92?
9d
In base 3, what is -10 - -1222?
1212
In base 5, what is -24433 - 0?
-24433
In base 15, what is -4d9 - -17?
-4c2
In base 2, what is -1 + -10001?
-10010
In base 9, what is 4321 - 5?
4315
In base 7, what is 4 - -160?
164
In base 10, what is -12 + 